 the greatest common divisor of 26 and 468?
26
What is the highest common divisor of 99 and 2475?
99
Calculate the highest common divisor of 234 and 208.
26
What is the highest common factor of 1590 and 65?
5
What is the highest common factor of 24 and 9?
3
What is the highest common factor of 12 and 24036?
12
What is the greatest common factor of 20 and 610?
10
What is the greatest common factor of 20 and 15?
5
What is the greatest common divisor of 23 and 23?
23
What is the greatest common factor of 5 and 35?
5
Calculate the greatest common divisor of 999 and 74.
37
Calculate the highest common factor of 88 and 1804.
44
What is the highest common divisor of 943 and 41?
41
What is the greatest common divisor of 3 and 107?
1
What is the highest common factor of 62181 and 27?
27
What is the greatest common factor of 96 and 78?
6
What is the highest common factor of 3325 and 931?
133
Calculate the greatest common factor of 46 and 2737.
23
Calculate the greatest common factor of 3161 and 87.
29
What is the greatest common divisor of 310 and 11966?
62
What is the highest common divisor of 2379 and 39?
39
Calculate the highest common divisor of 1036 and 148.
148
What is the highest common factor of 7760 and 80?
80
What is the highest common divisor of 336 and 63?
21
Calculate the greatest common divisor of 736 and 23.
23
What is the highest common divisor of 477 and 424?
53
What is the greatest common factor of 39 and 169?
13
Calculate the highest common factor of 1463 and 1386.
77
What is the greatest common divisor of 30 and 170?
10
What is the highest common divisor of 896 and 32?
32
What is the highest common factor of 3439 and 19?
19
What is the greatest common factor of 154 and 10?
2
What is the highest common divisor of 12 and 348?
12
Calculate the greatest common divisor of 5 and 1385.
5
What is the highest common factor of 1521 and 18?
9
Calculate the highest common factor of 4600 and 400.
200
Calculate the greatest common divisor of 24 and 5912.
8
What is the greatest common divisor of 954 and 126?
18
Calculate the highest common factor of 24 and 696.
24
Calculate the greatest common divisor of 151 and 25217.
151
Calculate the greatest common factor of 39 and 663.
39
Calculate the highest common factor of 20 and 100.
20
Calculate the greatest common factor of 504 and 630.
126
What is the greatest common divisor of 180 and 27?
9
What is the greatest common factor of 122 and 5490?
122
Calculate the highest common divisor of 13 and 1716.
13
What is the highest common divisor of 61 and 3?
1
Calculate the greatest common divisor of 105 and 96.
3
What is the highest common factor of 272 and 170?
34
What is the highest common factor of 102 and 24?
6
What is the greatest common factor of 5632 and 128?
128
Calculate the highest common factor of 45057 and 69.
69
Calculate the highest common factor of 10 and 2246.
2
What is the greatest common divisor of 288 and 18?
18
What is the greatest common factor of 21 and 4207?
7
What is the greatest common divisor of 2704 and 1612?
52
What is the greatest common factor of 26 and 4459?
13
Calculate the greatest common divisor of 875 and 1575.
175
What is the highest common factor of 64 and 48?
16
What is the highest common factor of 85 and 187?
17
Calculate the greatest common divisor of 41 and 656.
41
Calculate the highest common divisor of 19540 and 60.
20
What is the greatest common divisor of 1 and 3?
1
What is the highest common divisor of 65 and 221?
13
Calculate the highest common divisor of 68 and 425.
17
Calculate the greatest common factor of 228 and 24.
12
Calculate the highest common factor of 20 and 5.
5
Calculate the greatest common divisor of 450 and 50.
50
Calculate the greatest common factor of 308 and 231.
77
Calculate the highest common divisor of 105 and 3612.
21
What is the highest common divisor of 117 and 13?
13
What is the greatest common divisor of 8 and 960?
8
What is the greatest common factor of 45 and 40?
5
Calculate the greatest common divisor of 297 and 396.
99
What is the highest common factor of 5540 and 40?
20
What is the greatest common factor of 176 and 209?
11
Calculate the greatest common factor of 30 and 42.
6
What is the greatest common divisor of 38 and 190?
38
Calculate the greatest common divisor of 9640 and 40.
40
What is the highest common divisor of 12 and 692?
4
What is the greatest common factor of 94 and 1786?
94
What is the greatest common factor of 90 and 6516?
18
Calculate the greatest common factor of 665 and 175.
35
Calculate the highest common factor of 219 and 5329.
73
Calculate the greatest common factor of 34 and 27421.
17
Calculate the greatest common factor of 246 and 11685.
123
Calculate the highest common divisor of 2079 and 33.
33
What is the highest common factor of 5 and 81?
1
Calculate the greatest common factor of 380 and 230.
10
Calculate the highest common divisor of 10512 and 144.
144
Calculate the highest common divisor of 6068 and 148.
148
Calculate the highest common factor of 221 and 34.
17
Calculate the greatest common factor of 1350 and 60.
30
Calculate the greatest common factor of 24 and 128.
8
What is the highest common divisor of 39 and 1079?
13
What is the greatest common factor of 24559 and 41?
41
What is the greatest common divisor of 273 and 1209?
39
Calculate the greatest common divisor of 23 and 4.
1
Calculate the highest common factor of 116 and 10295.
29
Calculate the highest common divisor of 10 and 1965.
5
What is the greatest common factor of 391 and 1241?
17
Calculate the greatest common factor of 11 and 60533.
11
Calculate the highest common factor of 26364 and 468.
156
What is the highest common divisor of 492 and 2050?
82
What is the greatest common divisor of 5763 and 102?
51
Calculate the highest common factor of 11 and 913.
11
Calculate the highest common factor of 2310 and 11.
11
Calculate the greatest common factor of 8768 and 192.
64
What is the greatest common divisor of 12 and 96?
12
Calculate the greatest common factor of 2320 and 160.
80
What is the greatest common factor of 152 and 88?
8
What is the highest common factor of 108 and 522?
18
What is the highest common factor of 29942 and 44?
22
What is the highest common factor of 1016 and 8?
8
What is the highest common factor of 16 and 11344?
16
What is the highest common divisor of 160 and 1840?
80
What is the highest common divisor of 119 and 17?
17
What is the highest common factor of 124 and 93?
31
Calculate the greatest common factor of 105 and 175.
35
What is the highest common factor of 52 and 4706?
26
Calculate the greatest common divisor of 39 and 1937.
13
Calculate the highest common divisor of 365 and 4453.
73
What is the highest common divisor of 9 and 24?
3
What is the greatest common divisor of 36 and 4581?
9
Calculate the highest common factor of 120 and 384.
24
Calculate the highest common factor of 119 and 14.
7
What is the greatest common divisor of 31 and 651?
31
Calculate the highest common divisor of 5 and 40.
5
What is the highest common divisor of 38 and 2?
2
Calculate the greatest common divisor of 16160 and 202.
202
Calculate the greatest common divisor of 227 and 16.
1
What is the highest common divisor of 772 and 4?
4
What is the greatest common factor of 6308 and 228?
76
What is the highest common factor of 172 and 1290?
86
What is the greatest common factor of 1102 and 19?
19
What is the highest common divisor of 368 and 6302?
46
Calculate the greatest common factor of 4845 and 425.
85
What is the greatest common divisor of 30 and 290?
10
Calculate the highest common factor of 1012 and 44.
44
What is the greatest common factor of 2318 and 122?
122
Calculate the greatest common divisor of 7 and 98.
7
What is the highest common divisor of 11 and 2365?
11
What is the highest common divisor of 7852 and 156?
52
Calculate the highest common divisor of 90 and 90.
90
Calculate the greatest common factor of 80 and 81.
1
What is the greatest common divisor of 132 and 231?
33
Calculate the greatest common divisor of 80 and 56.
8
Calculate the greatest common divisor of 22 and 4752.
22
What is the greatest common factor of 6973 and 57?
19
What is the highest common divisor of 8897 and 82?
41
What is the greatest common divisor of 4 